{"id":11961,"date":"2016-05-17T20:09:25","date_gmt":"2016-05-17T18:09:25","guid":{"rendered":"http:\/\/www.sommerbad-stadensen.de\/?page_id=11961"},"modified":"2023-08-06T07:59:09","modified_gmt":"2023-08-06T05:59:09","slug":"memon-gesundes-badewasser-durch-wasser-renaturierung","status":"publish","type":"page","link":"http:\/\/www.sommerbad-stadensen.de\/?page_id=11961","title":{"rendered":"memon: Gesundes Badewasser durch Wasser-Renaturierung"},"content":{"rendered":"<p><a href=\"https:\/\/i0.wp.com\/www.sommerbad-stadensen.de\/wp\/wp-content\/uploads\/2023\/08\/memon_logo_2023.jpg\" target=\"_blank\" rel=\"noopener\"><img data-recalc-dims=\"1\" loading=\"lazy\" decoding=\"async\" data-attachment-id=\"14035\" data-permalink=\"http:\/\/www.sommerbad-stadensen.de\/?attachment_id=14035\" data-orig-file=\"https:\/\/i0.wp.com\/www.sommerbad-stadensen.de\/wp\/wp-content\/uploads\/2023\/08\/memon_logo_2023.jpg?fit=2112%2C634\" data-orig-size=\"2112,634\" data-comments-opened=\"0\" data-image-meta=\"{&quot;aperture&quot;:&quot;0&quot;,&quot;credit&quot;:&quot;&quot;,&quot;camera&quot;:&quot;&quot;,&quot;caption&quot;:&quot;&quot;,&quot;created_timestamp&quot;:&quot;0&quot;,&quot;copyright&quot;:&quot;&quot;,&quot;focal_length&quot;:&quot;0&quot;,&quot;iso&quot;:&quot;0&quot;,&quot;shutter_speed&quot;:&quot;0&quot;,&quot;title&quot;:&quot;&quot;,&quot;orientation&quot;:&quot;0&quot;}\" data-image-title=\"memon_logo_2023\" data-image-description=\"\" data-image-caption=\"\" data-medium-file=\"https:\/\/i0.wp.com\/www.sommerbad-stadensen.de\/wp\/wp-content\/uploads\/2023\/08\/memon_logo_2023.jpg?fit=300%2C90\" data-large-file=\"https:\/\/i0.wp.com\/www.sommerbad-stadensen.de\/wp\/wp-content\/uploads\/2023\/08\/memon_logo_2023.jpg?fit=750%2C225\" class=\"wp-image-14035 size-large aligncenter\" src=\"https:\/\/i0.wp.com\/www.sommerbad-stadensen.de\/wp\/wp-content\/uploads\/2023\/08\/memon_logo_2023.jpg?resize=750%2C225\" alt=\"\" width=\"750\" height=\"225\" srcset=\"https:\/\/i0.wp.com\/www.sommerbad-stadensen.de\/wp\/wp-content\/uploads\/2023\/08\/memon_logo_2023.jpg?resize=1024%2C307 1024w, https:\/\/i0.wp.com\/www.sommerbad-stadensen.de\/wp\/wp-content\/uploads\/2023\/08\/memon_logo_2023.jpg?resize=300%2C90 300w, https:\/\/i0.wp.com\/www.sommerbad-stadensen.de\/wp\/wp-content\/uploads\/2023\/08\/memon_logo_2023.jpg?resize=768%2C231 768w, https:\/\/i0.wp.com\/www.sommerbad-stadensen.de\/wp\/wp-content\/uploads\/2023\/08\/memon_logo_2023.jpg?resize=1536%2C461 1536w, https:\/\/i0.wp.com\/www.sommerbad-stadensen.de\/wp\/wp-content\/uploads\/2023\/08\/memon_logo_2023.jpg?resize=2048%2C615 2048w\" sizes=\"auto, (max-width: 750px) 100vw, 750px\" \/><\/a><\/p>\n<p>Im Sommerbad Stadensen wurde in der Sommersaison 2002 das Pilotprojekt \u201e<strong>Gesundes Badewasser<\/strong>\u201c durchgef\u00fchrt. In den folgenden Jahren wurde dieses Projekt fortgef\u00fchrt und weiter verbessert. Das ausgereifte Konzept hat seit 13 Jahren durchgehend Bestand und erzielt mit <b>erheblicher Verringerung der Chlorzufuhr eine optimale Wasserqualit\u00e4t<\/b>.<\/p>\n<p>Erfahren sie mehr auf den <a href=\"https:\/\/www.memon.eu\/umwelteinfluesse\/poolwasser.html\" target=\"_blank\" rel=\"noopener\">Seiten von memon<\/a> (Informationen inkl. Video)&#8230;<\/p>\n","protected":false},"excerpt":{"rendered":"<p>Im Sommerbad Stadensen wurde in der Sommersaison 2002 das Pilotprojekt \u201eGesundes Badewasser\u201c durchgef\u00fchrt. In den folgenden Jahren wurde dieses Projekt fortgef\u00fchrt und weiter verbessert. Das ausgereifte Konzept hat seit 13 Jahren durchgehend Bestand und erzielt mit erheblicher Verringerung der Chlorzufuhr<\/p>\n","protected":false},"author":1,"featured_media":0,"parent":11736,"menu_order":0,"comment_status":"closed","ping_status":"closed","template":"","meta":{"ngg_post_thumbnail":0,"jetpack_post_was_ever_published":false,"footnotes":""},"class_list":["post-11961","page","type-page","status-publish","hentry"],"jetpack_sharing_enabled":true,"jetpack_shortlink":"https:\/\/wp.me\/P7EHg6-36V","jetpack-related-posts":[{"id":11736,"url":"http:\/\/www.sommerbad-stadensen.de\/?page_id=11736","url_meta":{"origin":11961,"position":0},"title":"Bad","author":"Ingo Wolterstorff","date":"2. Januar 2016","format":false,"excerpt":"Im s\u00fcdlichen Landkreis Uelzen, etwa 4 km von der Bundesstra\u00dfe 4 entfernt, liegt das Sommerbad Stadensen. Mit seiner 750qm gro\u00dfen Wasserfl\u00e4che z\u00e4hlt es zwar nicht zu den gr\u00f6\u00dften B\u00e4dern, aber bestimmt zu den gem\u00fctlichsten. Von den vielen touristischen Ausflugszielen der Gegend wie z. B. Hardausee, Schleuse Esterholz, Seepark Bad Bodenteich\u2026","rel":"","context":"\u00c4hnlicher Beitrag","block_context":{"text":"\u00c4hnlicher Beitrag","link":""},"img":{"alt_text":"","src":"https:\/\/i0.wp.com\/www.sommerbad-stadensen.de\/wp\/wp-content\/uploads\/2016\/01\/kioskbereich_breit.jpg?resize=350%2C200","width":350,"height":200,"srcset":"https:\/\/i0.wp.com\/www.sommerbad-stadensen.de\/wp\/wp-content\/uploads\/2016\/01\/kioskbereich_breit.jpg?resize=350%2C200 1x, https:\/\/i0.wp.com\/www.sommerbad-stadensen.de\/wp\/wp-content\/uploads\/2016\/01\/kioskbereich_breit.jpg?resize=525%2C300 1.5x, https:\/\/i0.wp.com\/www.sommerbad-stadensen.de\/wp\/wp-content\/uploads\/2016\/01\/kioskbereich_breit.jpg?resize=700%2C400 2x"},"classes":[]},{"id":11863,"url":"http:\/\/www.sommerbad-stadensen.de\/?page_id=11863","url_meta":{"origin":11961,"position":1},"title":"Eintrittspreise","author":"Ingo Wolterstorff","date":"6. Januar 2016","format":false,"excerpt":"Eintrittspreise Einzelkarte Jugendliche 2,50 \u20ac Einzelkarte Erwachsene 3,50 \u20ac 12er-Karte Jugendliche 25,00 \u20ac 12er-Karte Erwachsene 35,00 \u20ac Dauerkarte Jugendliche 40,00 \u20ac Dauerkarte Erwachsene 70,00 \u20ac Dauerkarte Ehepaare mit Kind(ern) 115,00 \u20ac Dauerkarte Gro\u00dfeltern mit Enkelkind(ern) 115,00 \u20ac Dauerkarte Alleinstehende mit Kind(ern) 80,00 \u20ac Erm\u00e4\u00dfigungen: Happy-Hour-Tarif (Mittwoch, Donnerstag und Freitag ab\u2026","rel":"","context":"\u00c4hnlicher Beitrag","block_context":{"text":"\u00c4hnlicher Beitrag","link":""},"img":{"alt_text":"","src":"https:\/\/i0.wp.com\/www.sommerbad-stadensen.de\/wp\/wp-content\/uploads\/2023\/08\/hanse-fit-partner-logo_2023-1024x200.jpg?resize=350%2C200","width":350,"height":200,"srcset":"https:\/\/i0.wp.com\/www.sommerbad-stadensen.de\/wp\/wp-content\/uploads\/2023\/08\/hanse-fit-partner-logo_2023-1024x200.jpg?resize=350%2C200 1x, https:\/\/i0.wp.com\/www.sommerbad-stadensen.de\/wp\/wp-content\/uploads\/2023\/08\/hanse-fit-partner-logo_2023-1024x200.jpg?resize=525%2C300 1.5x, https:\/\/i0.wp.com\/www.sommerbad-stadensen.de\/wp\/wp-content\/uploads\/2023\/08\/hanse-fit-partner-logo_2023-1024x200.jpg?resize=700%2C400 2x"},"classes":[]},{"id":11738,"url":"http:\/\/www.sommerbad-stadensen.de\/?page_id=11738","url_meta":{"origin":11961,"position":2},"title":"Wasserzeiten","author":"Ingo Wolterstorff","date":"2. Januar 2016","format":false,"excerpt":"Wasserzeiten Montag 10:30 Uhr - 18:00 Uhr, anschlie\u00dfend DLRG Training Dienstag Ruhetag Mittwoch 10:30 Uhr - 19:30 Uhr Donnerstag 10:30 Uhr - 19:30 Uhr Freitag 10:30 Uhr - 19:30 Uhr Samstag 10:30 Uhr - 19:00 Uhr Sonntag 10:30 Uhr - 19:00 Uhr Einlass bis 15 Minuten vor Ende der Wasserzeit\u2026","rel":"","context":"\u00c4hnlicher Beitrag","block_context":{"text":"\u00c4hnlicher Beitrag","link":""},"img":{"alt_text":"","src":"","width":0,"height":0},"classes":[]},{"id":13506,"url":"http:\/\/www.sommerbad-stadensen.de\/?page_id=13506","url_meta":{"origin":11961,"position":3},"title":"Besucherz\u00e4hler","author":"Ingo Wolterstorff","date":"8. Juni 2020","format":false,"excerpt":"Besucherauslastung des Sommerbad Stadensen \ufeff Sollte hier nur ein schwarzes Quadrat zu sehen sein, bitte zur Pr\u00fcfung der Auslastung diese Seite aufrufen: Besucherauslastung Sollten sie sich aber einfach nur auf unserer Webseite ein wenig informieren wollen, so finden sie im Men\u00fc auf der rechten Seite alle weiteren Informationen. Die Beitr\u00e4ge\u2026","rel":"","context":"\u00c4hnlicher Beitrag","block_context":{"text":"\u00c4hnlicher Beitrag","link":""},"img":{"alt_text":"","src":"","width":0,"height":0},"classes":[]},{"id":11964,"url":"http:\/\/www.sommerbad-stadensen.de\/?page_id=11964","url_meta":{"origin":11961,"position":4},"title":"Berichte und Artikel rund ums Bad","author":"Ingo Wolterstorff","date":"17. Mai 2016","format":false,"excerpt":"Auf dieser Seite sind lose einige Interessante Berichte und Artikel rund ums sommerdab Stadensen verlinkt. Die Links \u00f6ffnen jew. ein einem neuen Fenster \/ Tab. Viel spa\u00df beim st\u00f6bern... Ein Schwimmbad als Kulturgut - ein Artikel in der \"Barftgaans\" \u00a0","rel":"","context":"\u00c4hnlicher Beitrag","block_context":{"text":"\u00c4hnlicher Beitrag","link":""},"img":{"alt_text":"","src":"","width":0,"height":0},"classes":[]},{"id":13542,"url":"http:\/\/www.sommerbad-stadensen.de\/?page_id=13542","url_meta":{"origin":11961,"position":5},"title":"Corona-Informationen","author":"Ingo Wolterstorff","date":"11. Juni 2020","format":false,"excerpt":"Informationen zum Badbetrieb in Corona-Zeiten Im folgenden gesammelt Verweise zu Informationen, \u00dcbersichten und Formulare (Stand: 31.05.2021): Erg\u00e4nzung zur bestehenden Badeordnung: \u00a0 Was ist erlaubt \u2013 was ist nicht erlaubt: \u00a0 Hygieneplan: \u00a0 Reinigungs- und Desinfektionsplan: \u00a0 Kontaktformular Bad: \u00a0 Kontaktformular Kiosk: \u00a0 Und zum Schlu\u00df noch ein Verweis auf die\u2026","rel":"","context":"\u00c4hnlicher Beitrag","block_context":{"text":"\u00c4hnlicher Beitrag","link":""},"img":{"alt_text":"","src":"","width":0,"height":0},"classes":[]}],"_links":{"self":[{"href":"http:\/\/www.sommerbad-stadensen.de\/index.php?rest_route=\/wp\/v2\/pages\/11961","targetHints":{"allow":["GET"]}}],"collection":[{"href":"http:\/\/www.sommerbad-stadensen.de\/index.php?rest_route=\/wp\/v2\/pages"}],"about":[{"href":"http:\/\/www.sommerbad-stadensen.de\/index.php?rest_route=\/wp\/v2\/types\/page"}],"author":[{"embeddable":true,"href":"http:\/\/www.sommerbad-stadensen.de\/index.php?rest_route=\/wp\/v2\/users\/1"}],"replies":[{"embeddable":true,"href":"http:\/\/www.sommerbad-stadensen.de\/index.php?rest_route=%2Fwp%2Fv2%2Fcomments&post=11961"}],"version-history":[{"count":4,"href":"http:\/\/www.sommerbad-stadensen.de\/index.php?rest_route=\/wp\/v2\/pages\/11961\/revisions"}],"predecessor-version":[{"id":14037,"href":"http:\/\/www.sommerbad-stadensen.de\/index.php?rest_route=\/wp\/v2\/pages\/11961\/revisions\/14037"}],"up":[{"embeddable":true,"href":"http:\/\/www.sommerbad-stadensen.de\/index.php?rest_route=\/wp\/v2\/pages\/11736"}],"wp:attachment":[{"href":"http:\/\/www.sommerbad-stadensen.de\/index.php?rest_route=%2Fwp%2Fv2%2Fmedia&parent=11961"}],"curies":[{"name":"wp","href":"https:\/\/api.w.org\/{rel}","templated":true}]}}