{"id":11660,"date":"2015-12-31T17:54:05","date_gmt":"2015-12-31T16:54:05","guid":{"rendered":"http:\/\/www.sommerbad-stadensen.de\/wp\/?page_id=11660"},"modified":"2021-12-09T13:48:55","modified_gmt":"2021-12-09T12:48:55","slug":"presse_2012","status":"publish","type":"page","link":"http:\/\/www.sommerbad-stadensen.de\/?page_id=11660","title":{"rendered":"Presse-Berichte 2012"},"content":{"rendered":"ngg_shortcode_0_placeholder\n","protected":false},"excerpt":{"rendered":"","protected":false},"author":1,"featured_media":0,"parent":11368,"menu_order":0,"comment_status":"closed","ping_status":"closed","template":"","meta":{"ngg_post_thumbnail":0,"jetpack_post_was_ever_published":false,"footnotes":""},"class_list":["post-11660","page","type-page","status-publish","hentry"],"jetpack_sharing_enabled":true,"jetpack_shortlink":"https:\/\/wp.me\/P7EHg6-324","jetpack-related-posts":[{"id":11368,"url":"http:\/\/www.sommerbad-stadensen.de\/?page_id=11368","url_meta":{"origin":11660,"position":0},"title":"Presse","author":"Ingo Wolterstorff","date":"31. Dezember 2015","format":false,"excerpt":"Auf dieser Seite sind die verschiedenen Presse-\u00dcbersichten verlinkt. 2008 | 2009 | 2010 | 2011 | 2012 | 2013 | 2014 1972 - 2008: \u00dcbersicht 2009: \u00dcbersicht 2010: \u00dcbersicht 2011: \u00dcbersicht 2012: \u00dcbersicht 2013: \u00dcbersicht 2014: \u00dcbersicht \u00a0","rel":"","context":"\u00c4hnlicher Beitrag","block_context":{"text":"\u00c4hnlicher Beitrag","link":""},"img":{"alt_text":"","src":"","width":0,"height":0},"classes":[]},{"id":10811,"url":"http:\/\/www.sommerbad-stadensen.de\/?page_id=10811","url_meta":{"origin":11660,"position":1},"title":"Saison 2012 &#8211; Abschwimmen","author":"Ingo Wolterstorff","date":"30. Dezember 2015","format":false,"excerpt":"","rel":"","context":"\u00c4hnlicher Beitrag","block_context":{"text":"\u00c4hnlicher Beitrag","link":""},"img":{"alt_text":"","src":"","width":0,"height":0},"classes":[]},{"id":10812,"url":"http:\/\/www.sommerbad-stadensen.de\/?page_id=10812","url_meta":{"origin":11660,"position":2},"title":"Saison 2012 &#8211; Knobeln","author":"Ingo Wolterstorff","date":"30. Dezember 2015","format":false,"excerpt":"","rel":"","context":"\u00c4hnlicher Beitrag","block_context":{"text":"\u00c4hnlicher Beitrag","link":""},"img":{"alt_text":"","src":"","width":0,"height":0},"classes":[]},{"id":10817,"url":"http:\/\/www.sommerbad-stadensen.de\/?page_id=10817","url_meta":{"origin":11660,"position":3},"title":"Saison 2012 &#8211; Schaumparty","author":"Ingo Wolterstorff","date":"30. Dezember 2015","format":false,"excerpt":"","rel":"","context":"\u00c4hnlicher Beitrag","block_context":{"text":"\u00c4hnlicher Beitrag","link":""},"img":{"alt_text":"","src":"","width":0,"height":0},"classes":[]},{"id":10818,"url":"http:\/\/www.sommerbad-stadensen.de\/?page_id=10818","url_meta":{"origin":11660,"position":4},"title":"Saison 2012 &#8211; Staudenmarkt","author":"Ingo Wolterstorff","date":"30. Dezember 2015","format":false,"excerpt":"","rel":"","context":"\u00c4hnlicher Beitrag","block_context":{"text":"\u00c4hnlicher Beitrag","link":""},"img":{"alt_text":"","src":"","width":0,"height":0},"classes":[]},{"id":10813,"url":"http:\/\/www.sommerbad-stadensen.de\/?page_id=10813","url_meta":{"origin":11660,"position":5},"title":"Saison 2012 &#8211; Nachtschwimmen (Abend)","author":"Ingo Wolterstorff","date":"30. Dezember 2015","format":false,"excerpt":"","rel":"","context":"\u00c4hnlicher Beitrag","block_context":{"text":"\u00c4hnlicher Beitrag","link":""},"img":{"alt_text":"","src":"","width":0,"height":0},"classes":[]}],"_links":{"self":[{"href":"http:\/\/www.sommerbad-stadensen.de\/index.php?rest_route=\/wp\/v2\/pages\/11660","targetHints":{"allow":["GET"]}}],"collection":[{"href":"http:\/\/www.sommerbad-stadensen.de\/index.php?rest_route=\/wp\/v2\/pages"}],"about":[{"href":"http:\/\/www.sommerbad-stadensen.de\/index.php?rest_route=\/wp\/v2\/types\/page"}],"author":[{"embeddable":true,"href":"http:\/\/www.sommerbad-stadensen.de\/index.php?rest_route=\/wp\/v2\/users\/1"}],"replies":[{"embeddable":true,"href":"http:\/\/www.sommerbad-stadensen.de\/index.php?rest_route=%2Fwp%2Fv2%2Fcomments&post=11660"}],"version-history":[{"count":1,"href":"http:\/\/www.sommerbad-stadensen.de\/index.php?rest_route=\/wp\/v2\/pages\/11660\/revisions"}],"predecessor-version":[{"id":11665,"href":"http:\/\/www.sommerbad-stadensen.de\/index.php?rest_route=\/wp\/v2\/pages\/11660\/revisions\/11665"}],"up":[{"embeddable":true,"href":"http:\/\/www.sommerbad-stadensen.de\/index.php?rest_route=\/wp\/v2\/pages\/11368"}],"wp:attachment":[{"href":"http:\/\/www.sommerbad-stadensen.de\/index.php?rest_route=%2Fwp%2Fv2%2Fmedia&parent=11660"}],"curies":[{"name":"wp","href":"https:\/\/api.w.org\/{rel}","templated":true}]}}

Auf dieser Seite sind die verschiedenen Presse-Übersichten verlinkt. 2008 | 2009 | 2010 | 2011 | 2012 | 2013 | 2014 1972 - 2008: Übersicht 2009: Übersicht 2010: Übersicht 2011: Übersicht 2012: Übersicht 2013: Übersicht 2014: Übersicht

Ähnlicher Beitrag
