{"id":10690,"date":"2015-12-28T16:42:19","date_gmt":"2015-12-28T15:42:19","guid":{"rendered":"http:\/\/www.sommerbad-stadensen.de\/cms\/wordpress\/?page_id=10690"},"modified":"2021-12-09T13:47:32","modified_gmt":"2021-12-09T12:47:32","slug":"2009_eroeffnung_becken","status":"publish","type":"page","link":"http:\/\/www.sommerbad-stadensen.de\/?page_id=10690","title":{"rendered":"Saison 2009 &#8211; Er\u00f6ffnung (Becken-Bilder)"},"content":{"rendered":"ngg_shortcode_0_placeholder\n","protected":false},"excerpt":{"rendered":"","protected":false},"author":1,"featured_media":0,"parent":10613,"menu_order":0,"comment_status":"closed","ping_status":"closed","template":"","meta":{"ngg_post_thumbnail":0,"jetpack_post_was_ever_published":false,"footnotes":""},"class_list":["post-10690","page","type-page","status-publish","hentry"],"jetpack_sharing_enabled":true,"jetpack_shortlink":"https:\/\/wp.me\/P7EHg6-2Mq","jetpack-related-posts":[{"id":10613,"url":"http:\/\/www.sommerbad-stadensen.de\/?page_id=10613","url_meta":{"origin":10690,"position":0},"title":"Bilder","author":"Ingo Wolterstorff","date":"27. Dezember 2015","format":false,"excerpt":"Auf dieser Seite sind die verschiedenen Bilder-Galerien verlinkt. 2003 | 2005 | 2006 | 2007 | 2008 | 2009 | 2010 | 2011 | 2012 | 2013\u00a0| 2014 | 2015 | 2016 \u00e4ltere \/ historische bilder \u00dcbersicht 2003 Saison\u00fcbergreifend 2005 Saison\u00fcbergreifend 2006 Staudenmarkt 2007 Saisonvorbereitung Saison\u00fcbergreifend 2008 div. Bauma\u00dfnahmen Er\u00f6ffnung\u2026","rel":"","context":"\u00c4hnlicher Beitrag","block_context":{"text":"\u00c4hnlicher Beitrag","link":""},"img":{"alt_text":"","src":"","width":0,"height":0},"classes":[]},{"id":10688,"url":"http:\/\/www.sommerbad-stadensen.de\/?page_id=10688","url_meta":{"origin":10690,"position":1},"title":"Saison 2009 &#8211; Er\u00f6ffnung (Abends)","author":"Ingo Wolterstorff","date":"28. Dezember 2015","format":false,"excerpt":"","rel":"","context":"\u00c4hnlicher Beitrag","block_context":{"text":"\u00c4hnlicher Beitrag","link":""},"img":{"alt_text":"","src":"","width":0,"height":0},"classes":[]},{"id":10689,"url":"http:\/\/www.sommerbad-stadensen.de\/?page_id=10689","url_meta":{"origin":10690,"position":2},"title":"Saison 2009 &#8211; Er\u00f6ffnung (Aufbau)","author":"Ingo Wolterstorff","date":"28. Dezember 2015","format":false,"excerpt":"","rel":"","context":"\u00c4hnlicher Beitrag","block_context":{"text":"\u00c4hnlicher Beitrag","link":""},"img":{"alt_text":"","src":"","width":0,"height":0},"classes":[]},{"id":10691,"url":"http:\/\/www.sommerbad-stadensen.de\/?page_id=10691","url_meta":{"origin":10690,"position":3},"title":"Saison 2009 &#8211; Er\u00f6ffnung (Er\u00f6ffnungssprung)","author":"Ingo Wolterstorff","date":"28. Dezember 2015","format":false,"excerpt":"","rel":"","context":"\u00c4hnlicher Beitrag","block_context":{"text":"\u00c4hnlicher Beitrag","link":""},"img":{"alt_text":"","src":"","width":0,"height":0},"classes":[]},{"id":10692,"url":"http:\/\/www.sommerbad-stadensen.de\/?page_id=10692","url_meta":{"origin":10690,"position":4},"title":"Saison 2009 &#8211; Er\u00f6ffnung (Gottesdienst)","author":"Ingo Wolterstorff","date":"28. Dezember 2015","format":false,"excerpt":"","rel":"","context":"\u00c4hnlicher Beitrag","block_context":{"text":"\u00c4hnlicher Beitrag","link":""},"img":{"alt_text":"","src":"","width":0,"height":0},"classes":[]},{"id":10697,"url":"http:\/\/www.sommerbad-stadensen.de\/?page_id=10697","url_meta":{"origin":10690,"position":5},"title":"Saison 2009 &#8211; Er\u00f6ffnung (Mitglieder)","author":"Ingo Wolterstorff","date":"28. Dezember 2015","format":false,"excerpt":"","rel":"","context":"\u00c4hnlicher Beitrag","block_context":{"text":"\u00c4hnlicher Beitrag","link":""},"img":{"alt_text":"","src":"","width":0,"height":0},"classes":[]}],"_links":{"self":[{"href":"http:\/\/www.sommerbad-stadensen.de\/index.php?rest_route=\/wp\/v2\/pages\/10690","targetHints":{"allow":["GET"]}}],"collection":[{"href":"http:\/\/www.sommerbad-stadensen.de\/index.php?rest_route=\/wp\/v2\/pages"}],"about":[{"href":"http:\/\/www.sommerbad-stadensen.de\/index.php?rest_route=\/wp\/v2\/types\/page"}],"author":[{"embeddable":true,"href":"http:\/\/www.sommerbad-stadensen.de\/index.php?rest_route=\/wp\/v2\/users\/1"}],"replies":[{"embeddable":true,"href":"http:\/\/www.sommerbad-stadensen.de\/index.php?rest_route=%2Fwp%2Fv2%2Fcomments&post=10690"}],"version-history":[{"count":1,"href":"http:\/\/www.sommerbad-stadensen.de\/index.php?rest_route=\/wp\/v2\/pages\/10690\/revisions"}],"predecessor-version":[{"id":10733,"href":"http:\/\/www.sommerbad-stadensen.de\/index.php?rest_route=\/wp\/v2\/pages\/10690\/revisions\/10733"}],"up":[{"embeddable":true,"href":"http:\/\/www.sommerbad-stadensen.de\/index.php?rest_route=\/wp\/v2\/pages\/10613"}],"wp:attachment":[{"href":"http:\/\/www.sommerbad-stadensen.de\/index.php?rest_route=%2Fwp%2Fv2%2Fmedia&parent=10690"}],"curies":[{"name":"wp","href":"https:\/\/api.w.org\/{rel}","templated":true}]}}

Saison 2009 &#8211; Eröffnung (Becken-Bilder)

Auf dieser Seite sind die verschiedenen Bilder-Galerien verlinkt. 2003 | 2005 | 2006 | 2007 | 2008 | 2009 | 2010 | 2011 | 2012 | 2013 | 2014 | 2015 | 2016 ältere / historische bilder Übersicht 2003 Saisonübergreifend 2005 Saisonübergreifend 2006 Staudenmarkt 2007 Saisonvorbereitung Saisonübergreifend 2008 div. Baumaßnahmen Eröffnung…

Ähnlicher Beitrag

Saison 2009 &#8211; Eröffnung (Abends)

Saison 2009 &#8211; Eröffnung (Aufbau)

Saison 2009 &#8211; Eröffnung (Eröffnungssprung)

Saison 2009 &#8211; Eröffnung (Gottesdienst)

Saison 2009 &#8211; Eröffnung (Mitglieder)
